is the units digit of 1220040?
0
What is the ten thousands digit of 1107229?
0
What is the tens digit of 23294?
9
What is the hundred thousands digit of 7416638?
4
What is the millions digit of 12993531?
2
What is the ten thousands digit of 985857?
8
What is the hundred thousands digit of 1103283?
1
What is the tens digit of 133598?
9
What is the tens digit of 1456355?
5
What is the tens digit of 569550?
5
What is the hundred thousands digit of 4515721?
5
What is the units digit of 3486771?
1
What is the thousands digit of 347770?
7
What is the thousands digit of 370084?
0
What is the tens digit of 56158?
5
What is the hundreds digit of 2702141?
1
What is the millions digit of 2534929?
2
What is the hundreds digit of 286328?
3
What is the units digit of 55418?
8
What is the hundred thousands digit of 21370774?
3
What is the thousands digit of 14716989?
6
What is the tens digit of 444768?
6
What is the thousands digit of 363540?
3
What is the tens digit of 172380?
8
What is the units digit of 130745?
5
What is the millions digit of 1007965?
1
What is the thousands digit of 2498778?
8
What is the tens digit of 817336?
3
What is the tens digit of 5063211?
1
What is the ten thousands digit of 2762572?
6
What is the hundred thousands digit of 19814061?
8
What is the millions digit of 1477076?
1
What is the ten millions digit of 15093481?
1
What is the ten thousands digit of 864132?
6
What is the ten thousands digit of 19804129?
0
What is the thousands digit of 13172051?
2
What is the hundreds digit of 2625714?
7
What is the hundreds digit of 949055?
0
What is the thousands digit of 9569839?
9
What is the hundred thousands digit of 172149?
1
What is the hundreds digit of 7045504?
5
What is the hundred thousands digit of 731915?
7
What is the thousands digit of 175286?
5
What is the hundreds digit of 909945?
9
What is the tens digit of 413804?
0
What is the units digit of 127955?
5
What is the hundreds digit of 32195424?
4
What is the hundred thousands digit of 234850?
2
What is the thousands digit of 7932277?
2
What is the tens digit of 208550?
5
What is the tens digit of 3649983?
8
What is the thousands digit of 184788?
4
What is the hundred thousands digit of 488000?
4
What is the hundred thousands digit of 121480?
1
What is the ten thousands digit of 1414357?
1
What is the ten thousands digit of 5925669?
2
What is the hundreds digit of 65759?
7
What is the tens digit of 2366237?
3
What is the ten thousands digit of 1872651?
7
What is the hundreds digit of 781596?
5
What is the ten thousands digit of 15637926?
3
What is the thousands digit of 2364958?
4
What is the ten thousands digit of 1754448?
5
What is the hundred thousands digit of 342548?
3
What is the tens digit of 29862564?
6
What is the hundreds digit of 2817711?
7
What is the thousands digit of 22150171?
0
What is the hundreds digit of 6628181?
1
What is the hundreds digit of 903669?
6
What is the hundred thousands digit of 633080?
6
What is the thousands digit of 72357?
2
What is the hundred thousands digit of 5545890?
5
What is the tens digit of 110259?
5
What is the hundred thousands digit of 5154680?
1
What is the thousands digit of 228562?
8
What is the millions digit of 3962550?
3
What is the tens digit of 4799377?
7
What is the thousands digit of 821523?
1
What is the units digit of 951493?
3
What is the thousands digit of 2190903?
0
What is the tens digit of 506833?
3
What is the units digit of 8190464?
4
What is the ten millions digit of 19300361?
1
What is the thousands digit of 2863989?
3
What is the thousands digit of 26989107?
9
What is the hundreds digit of 2992530?
5
What is the tens digit of 8887451?
5
What is the ten thousands digit of 170987?
7
What is the hundreds digit of 12873624?
6
What is the hundreds digit of 1773735?
7
What is the tens digit of 1040300?
0
What is the units digit of 10938925?
5
What is the hundreds digit of 630964?
9
What is the ten thousands digit of 376617?
7
What is the ten thousands digit of 1148030?
4
What is the tens digit of 335245?
4
What is the hundred thousands digit of 786232?
7
What is the tens digit of 265081?
8
What is the thousands digit of 269596?
9
What is the ten thousands digit of 17553178?
5
What is the thousands digit of 1192052?
2
What is the thousands digit of 1049114?
9
What is the millions digit of 6226463?
6
What is the units digit of 4514320?
0
What is the tens digit of 30777708?
0
What is the thousands digit of 297905?
7
What is the units digit of 500686?
6
What is the units digit of 11871150?
0
What is the units digit of 1924620?
0
What is the thousands digit of 4233123?
3
What is the units digit of 224295?
5
What is the ten thousands digit of 5280284?
8
What is the units digit of 7326050?
0
What is the ten thousands digit of 92323?
9
What is the thousands digit of 449116?
9
What is the units digit of 25150?
0
What is the hundreds digit of 988357?
3
What is the thousands digit of 203910?
3
What is the thousands digit of 1503363?
3
What is the ten thousands digit of 31900101?
0
What is the ten thousands digit of 8822622?
2
What is the ten thousands digit of 56915?
5
What is the thousands digit of 4536780?
6
What is the ten thousands digit of 94822?
9
What is the units digit of 12951600?
0
What is the ten thousands digit of 6740710?
4
What is the ten thousands digit of 483533?
8
What is the hundreds digit of 134275?
2
What is the tens digit of 6318539?
3
What is the hundreds digit of 18852126?
1
What is the units digit of 378987?
7
What is the hundred thousands digit of 198711?
1
What is the hundreds digit of 2517225?
2
What is the hundreds digit of 99575?
5
What is the units digit of 612112?
2
What is the hundred thousands digit of 160703?
1
What is the ten thousands digit of 1542674?
4
What is the hundred thousands digit of 723658?
7
What is the units digit of 3065052?
2
What is the hundred thousands digit of 485595?
4
What is the tens digit of 22432331?
3
What is the hundreds digit of 167153?
1
What is the ten thousands digit of 228608?
2
What is the units digit of 17144510?
0
What is the units digit of 21285402?
2
What is the ten thousands digit of 517266?
1
What is the tens digit of 4597558?
5
What is the ten thousands digit of 520437?
2
What is the millions digit of 5179548?
5
What is the tens digit of 13458865?
6
What is the thousands digit of 21079006?
9
What is the tens digit of 4627260?
6
What is the units digit of 17055070?
0
What is the millions digit of 1522431?
1
What is the ten thousands digit of 50723?
5
What is the hundreds digit of 22559475?
4
What is the hundred thousands digit of 348066?
3
What is the hundred thousands digit of 8797235?
7
What is the ten thousands digit of 6535232?
3
What is the ten thousands digit of 1435131?
3
What is the hundred thousands digit of 1837743?
8
What is the thousands digit of 822146?
2
What is the tens digit of 25218608?
0
What is the millions digit of 5334030?
5
What is the hundred thousands digit of 218786?
2
What is the tens digit of 1039396?
9
What is the hundreds digit of 14062?
0
What is the thousands digit of 2032352?
2
What is the thousands digit of 241028?
1
What is the hundred thousands digit of 7777685?
7
What is the hundred thousands digit of 5289528?
2
What is the thousands digit of 6558812?
8
What is the tens digit of 512398?
9
What is the ten millions digit of 14755342?
1
What is the hundreds digit of 1409247?
2
What is the hundred thousands digit of 1910500?
9
What is the ten thousands digit of 496991?
9
What is the hundreds digit of 33589642?
6
What is the hundred thousands digit of 1287379?
2
What is the thousands digit of 1736735?
6
What is the hundreds digit of 633648?
6
What is the ten thousands digit of 3464341?
6
What is the thousands digit of 831270?
1
What is the tens digit of 231758?
5
What is the thousands digit of 16566185?
6
What is the tens digit of 99309?
0
What is the hundreds digit of 9130763?
7
What is the thousands digit of 3405345?
5
What is the thousands digit of 1322888?
2
What is the units digit of 529589?
9
What is the tens digit of 47174?
7
What is the thousands digit of 59930?
9
What is the ten thousands digit of 5235230?
3
What is the tens digit of 10863832?
3
What is the thousands digit of 13433453?
3
What is the hundred